ose 2*b - l = 2*l + 54, 0 = -5*l + 10. Suppose -7*h + 2*h = -b. What is j(h)?
5
Let r(f) = -f**3 - 18*f**2 - 78*f + 22. Suppose 5*j = 3*l - 28, 4*j + 3*l - 9 = -53. Determine r(j).
6
Let c(q) = 1 - 47*q**2 + 3*q - 6*q + 44*q**2 + q + q**3. Let m(x) = -x**2 - 17*x - 38. Let o be m(-14). Give c(o).
9
Suppose -3*w - 13 = j, 15*j + 4*w - 1 = 10*j. Let z(q) be the second derivative of -1/3*q**3 - 12*q + 1/20*q**j + 1/2*q**2 + 0 + 0*q**4. Determine z(1).
0
Let y(l) = 4*l + 2. Let k(t) = 5*t + 3. Let i(a) = -5*k(a) + 6*y(a). Suppose -4*g + 667 = -5*x, 0 = 3*g + 3*x - 7*x - 500. Let b = g + -175. What is i(b)?
4
Suppose 0 = -4*k + 16, -4*k + 46 = -3*c + 27. Let s(g) = -41*g + 3. Determine s(c).
44
Let v(i) = -8 - 4 - 2*i - 3*i**2 + 12 - 4 + 0. Determine v(-5).
-69
Let b(u) be the third derivative of u**6/120 + 3*u**5/20 + 7*u**4/12 + 2*u**3 + 457*u**2 + 4*u. What is b(-6)?
36
Suppose 105 = -107*h + 1175. Let k(l) = -12*l - 3. Calculate k(h).
-123
Let d = -95 - -65. Let i be (-12)/d - (1 + (-219)/15). Let k(a) = 2 - 38*a**2 - 3*a + i*a**2 + 23*a**2. What is k(-7)?
-26
Suppose 57 = o + j - 3*j, 0 = 5*o - 4*j - 267. Let b = o + -57. Let z(d) = -7*d + 2 - 9 + 5*d. Determine z(b).
5
Let i be -7*4/14*(-5 - -14 - 1). Let o(r) = -r + 7. What is o(i)?
23
Let h(l) be the second derivative of l**4/3 - l**3/6 + l**2/2 + 2*l. Let a(j) = j**3 + 3*j**2 - 4*j. Let r be a(1). Suppose 9*u - 9 = -r*u. What is h(u)?
4
Let j(r) = 2*r + 1. Let s be 869/(-121) + 2/11. Let i be (-3)/7 - 45/s. Suppose 0 = -n - 5*p + i, 6*n + p = 2*n + 5. Calculate j(n).
3
Let y(s) = -s**3 + 6*s**2 + 7*s - 3. Let n be (4 - 0) + (2 - 0). Let x be 3036/(-38) - n/57. Let v = x + 87. What is y(v)?
-3
Suppose 4*b - 18 = -v, -b - 8*b = 4*v - 30. Let i(u) = u**2 + 10*u + 13. Give i(v).
-11
Let a(s) = -5*s - s**3 + 3 - 2*s**2 - 4*s**2 - 1. Suppose -6*m + 1256 = 36*m - 356*m. What is a(m)?
-10
Let u(c) = -15328*c**2 + 15330*c**2 - 64 - 40*c + 13. Give u(21).
-9
Let t be ((-720)/44)/(-18)*11. Let p(o) = o**3 - 10*o**2 - 10*o + 115. Calculate p(t).
15
Let z = 4183 + -4171. Let f(s) = -10*s + 124. What is f(z)?
4
Let t(m) = -m**2 + 4*m - 4. Suppose 4*i = -5*b, 20 = 4*b - 2*i - 6. What is t(b)?
-4
Let k(l) = -l**3 + 3*l**2 + 2*l + 5. Let x = 8 - -2. Let v(h) = h**2 - 14*h + 27. Let u be v(12). Suppose 0 = 4*b + u*c - x, -c + 3*c = -4. What is k(b)?
-3
Let x(h) = 4*h - 2. Let u be x(2). Let b be u/(-5)*10/(-4). Let k(o) = 3*o - 4. Calculate k(b).
5
Let m(x) = x**3 - 23*x**2 - 22*x - 52. Suppose a + 5*v - 24 = 0, 4*a + 2*v - 4 = 92. What is m(a)?
-4
Let d(z) be the second derivative of -2*z**3/3 - z**2/2 + 12*z. Let m(o) = 9*o + 2. Let y(w) = -13*d(w) - 6*m(w). Let n = -563 + 566. Determine y(n).
-5
Let r(g) = g + 1. Suppose 16*i = -i + 646. Suppose 5*s + i = 2*z, -2*z + 6*z = -s - 12. Calculate r(s).
-7
Let h(r) = -8*r + 2. Let o(p) = -p**3 + 57*p**2 - 9*p + 520. Let q be o(57). Give h(q).
-54
Suppose 10 = -5*r, 0 = -2*s + 3*r - 18 + 42. Let v be -9 - s/(81/(-117)). Let p(n) = n**3 - 4*n**2 - 4*n - 5. Give p(v).
-21
Let n(o) = o**2 + 4*o - 6*o + 17 + o + 4*o**3 - 3*o**3. Let y be 4/6*-15 + 10. What is n(y)?
17
Let f be (1 + 0)*(-15)/3. Let h(y) = -3 + 5 - y + 9 - 1 + 2*y. Calculate h(f).
5
Let k be 4/(-6)*(-8 - (1 - 3)). Let x(w) = w**2 + 6*w - 12. Let h(r) = -r**2 - 5*r + 10. Let q(z) = -4*h(z) - 3*x(z). Calculate q(k).
20
Let v = 35 + -12. Let u(l) = 3 + v*l - 1 - 2. Suppose 5*p - c = c + 11, -p + 13 = -4*c. Give u(p).
23
Suppose 3*p = 5*s + 18, 3*p + 7*s - 2*s - 18 = 0. Let w be (3/p)/(9/36). Let h(i) = 251 - 252 + 3*i - w*i**2 - 6*i + i**3. What is h(3)?
-1
Let t(i) = 5*i**3 + 8*i**2 - 6*i + 6. Let c(l) = 2*l**3 - 3*l. Let j = -158 + 160. Let v(r) = j*c(r) - t(r). Calculate v(-8).
-6
Let y be ((-14)/(-3))/((-12)/(-18)). Let p(s) = 684*s - 4*s**3 - 3*s**2 - 686*s + y*s**2 + 5*s**3 - 4. Suppose -3*a + 0*j = -2*j + 5, 4*j = 5*a + 7. Give p(a).
11
Let c(l) = 6*l**3 + 10*l**2 + 11*l - 4. Let g(r) = 5*r**3 + 9*r**2 + 10*r - 3. Let j(v) = 6*c(v) - 7*g(v). Let x be (1 + -6 - -2)/(-18*17/408). Determine j(x).
-3
Let p(o) = 2*o**2 - 2*o - 1 + 6 + 40*o - 54*o. Determine p(7).
-9
Let p = -8389 + 8397. Let b(j) be the third derivative of -1/20*j**5 - 2/3*j**3 + p*j**2 + 0 - 1/6*j**4 + 0*j. Determine b(-3).
-19
Let m(h) be the third derivative of h**4/4 - h**3/2 + 1659*h**2. Calculate m(2).
9
Let n(k) = -k**3 + 4*k**2 + 19*k - 37. Let i be n(6). Let u(b) = 2*b**3 - 10*b**2 + 2*b - 15. Give u(i).
-5
Let p(i) = -i - 17. Suppose -3*r = 4*d + 42, -2*d + 3*d - 28 = r. What is p(r)?
5
Let t(r) = r**3 - 12*r**2 + 11*r + 22. Let z be (-2 - (12 + -12)) + 12. Determine t(z).
-68
Let y(g) be the first derivative of g**4/4 + 2*g**3/3 - g**2/2 + 57*g - 387. Determine y(-5).
-13
Let g(m) be the second derivative of -m**4/6 + 4*m**3/3 - 5*m**2/2 - m. Let i = 12669 - 12664. Give g(i).
-15
Let x = -89 - -98. Let h(q) = 13 - q**3 - x - 3*q - 8 + 2*q. Suppose g = -k - g - 4, -4 = 2*g. What is h(k)?
-4
Let o(q) = -2*q**2 + 6*q - 6. Let d = 2170 - 2170. Give o(d).
-6
Let u(s) = 4*s + 7. Let v(d) = -d + 8. Let c be v(-12). Suppose 3*g - f = -6*f + c, g - 8 = -3*f. Suppose g*x - 6*x = 6. Calculate u(x).
-17
Let h be (-12)/14*(16 + (-20 - -11))*-1. Let d(r) be the third derivative of 0*r**5 + 0*r**4 + 0*r + 0 + 24*r**2 + 0*r**3 + 1/120*r**h. Determine d(0).
0
Let s(d) = -2*d**2 - 4*d - 2. Let g be -5*(893/(-133) - (-2)/(-7)). Suppose -2*x + g = 41. What is s(x)?
-8
Let t(m) = 43*m + 234. Let f(n) = -7*n - 48. Let g(l) = -11*f(l) - 2*t(l). Determine g(8).
-12
Let l be 84/10 - (-2)/(-5). Let q(z) = -10*z**2 - 2*z. Let p(j) = -61*j**2 - 6*j + 17. Let w(r) = -p(r) + 6*q(r). Give w(l).
-1
Suppose -26*j - 108 = -32*j. Let w(z) = 4*z**2 - 3 - j*z + 8*z + 8*z - 2*z**2. Give w(-2).
9
Let o = 9 + -14. Let h(q) = 13*q - 654. Let r(l) = -6*l + 289. Let d(i) = 4*h(i) + 9*r(i). Give d(o).
-5
Let s(v) be the first derivative of v**2 + 3852. Suppose -2*q + 3*l = -13, -2*q + 19 = -q - 4*l. Let n be (1 + q)/(-1) - -3. Give s(n).
6
Let u(i) be the first derivative of -3*i**2/2 - 75*i + 1473. Calculate u(-22).
-9
Let b = -2741 - -2747. Let o(k) = -k**3 + 4*k**2 + 11*k - 2. Determine o(b).
-8
Let b(a) = a**3 - 8*a**2 + 2. Let l(d) = -3*d**3 + 18*d**2 - 2*d + 13. Let g(v) = 2*b(v) + l(v). Calculate g(0).
17
Let d(z) = 6*z - 4. Let i = 8522 + -8528. What is d(i)?
-40
Let i(p) = -p**3 + 2*p**2 + 26*p - 9. Let b be i(6). Let t(x) = -2 + x**b + 0 + 3 + x**2 - x - 3. Give t(2).
8
Let o(q) be the first derivative of q**3/3 + 27*q**2/2 + 24*q - 652. What is o(-26)?
-2
Let x(m) = -26 - 22 + 13*m**2 - 26 - 11*m**2 + 72. Suppose 3*r = -3*r + 78. Let k = 16 - r. Give x(k).
16
Let s(f) = -2*f + 15 - 8 - 8 - f. Let t(m) = -13 - 37 - 5*m - 11. Let k be t(-12). What is s(k)?
2
Let g(c) = -3*c + 37*c - 4 - 9*c - 10*c - 14*c. Suppose 5*z + 20 = -0*z. Calculate g(z).
-8
Let b(f) = f**2 + 6*f + 3. Suppose 0 = -15*m + 582 - 3252. Let z = m + 172. Calculate b(z).
3
Let j be (-20)/6 + (-20)/30. Let n be j/(-22) + (-378)/(-99). Let y(w) = -33*w + 30*w - 3 + 3 + 2. Calculate y(n).
-10
Let u = -25 + 32. Suppose o + q = u, 3*q - 26 = -5*o + 7*q. Let t(b) = 3 - 1 + o - 5*b - 6. What is t(-2)?
12
Let x(t) = -t**3 + 6*t**2 + 6*t - 16. Let k be 368/552 - 16/(-3). Give x(k).
20
Suppose -5*a - 6 = b, -5*b = a - 9*b + 18. Let f(m) = -m**3 + m**2 + 2. Let t(p) = -p**3 + 7*p**2 - 8*p + 9. Let r(q) = a*f(q) + t(q). Calculate r(-6).
17
Let y be ((-125785)/(-65) - -7) + (-4)/26. Let n(k) = -5*k - 5 - y*k**2 + 1944*k**2 + 2*k. What is n(4)?
15
Let n(z) = z + 4. Let x(f) = 0 - 6*f + f**2 + 20*f - 2. Let h be x(-18). Let t = h - 70. Calculate n(t).
4
Let i(p) be the second derivative of p**5/20 + 7*p**4/12 - p**3/3 - 23*p**2/2 + 5046*p. Give i(-7).
-9
Let h(v) = 8*v - 4. Let a be h(1). Let k be a/(-6) + (-8 - 188/(-12)). Let r(d) = d**2 - 3*d + 3. Give r(k).
31
Let n = 1185 - 1192. Let u(c) = -c + 1. Let m(y) = -5*y + 19. Let v be (3/(-2))/((-78)/(-52)). Let j(g) = v*m(g) + 6*u(g). Give j(n).
-6
Suppose c = -4, 0 = -29*l + 32*l - 5*c - 29. Let q(p) = 4*p**2 - 2 + p**3 + 2 - 9 - 11*p**2 - 2*p - 2*p**l. Let t(h) = -h**2 + 2. Let n be t(3). Determine q(n).
5
Let n be 0/(157/628 - 7/(-4)). Let i(q) = 2*q**2 + 5*q - 30. What is i(n)?
-30
Let w(n) = 2*n**2 - 3*n + 1. Suppose -89*x + 172*x - 86*x = -21. 